{"id":271,"date":"2024-04-29T21:15:43","date_gmt":"2024-04-30T00:15:43","guid":{"rendered":"http:\/\/desacites.utalca.test\/?page_id=22"},"modified":"2024-07-02T18:43:18","modified_gmt":"2024-07-02T18:43:18","slug":"fragilidad","status":"publish","type":"page","link":"https:\/\/cites.utalca.cl\/?page_id=271","title":{"rendered":"Fragilidad"},"content":{"rendered":"\n<div class=\"wp-block-group alignfull has-background has-global-padding is-layout-constrained wp-container-core-group-is-layout-1 wp-block-group-is-layout-constrained\" style=\"background-color:#0077ff12;margin-top:0;margin-bottom:0;padding-top:var(--wp--preset--spacing--50);padding-right:var(--wp--preset--spacing--50);padding-bottom:var(--wp--preset--spacing--50);padding-left:var(--wp--preset--spacing--50)\">\n<div class=\"wp-block-columns alignwide are-vertically-aligned-center is-layout-flex wp-container-core-columns-is-layout-1 wp-block-columns-is-layout-flex\">\n<div class=\"wp-block-column is-vertically-aligned-center is-layout-flow wp-block-column-is-layout-flow\" style=\"flex-basis:60%\">\n<figure class=\"wp-block-image size-full is-style-rounded wp-duotone-unset-2 is-style-rounded--1\"><img fetchpriority=\"high\" decoding=\"async\" width=\"1329\" height=\"997\" src=\"https:\/\/cites.utalca.cl\/wp-content\/uploads\/2024\/05\/viejito-edited.png\" alt=\"\" class=\"wp-image-475\" style=\"aspect-ratio:4\/3;object-fit:cover\" srcset=\"https:\/\/cites.utalca.cl\/wp-content\/uploads\/2024\/05\/viejito-edited.png 1329w, https:\/\/cites.utalca.cl\/wp-content\/uploads\/2024\/05\/viejito-edited-300x225.png 300w, https:\/\/cites.utalca.cl\/wp-content\/uploads\/2024\/05\/viejito-edited-1024x768.png 1024w, https:\/\/cites.utalca.cl\/wp-content\/uploads\/2024\/05\/viejito-edited-768x576.png 768w\" sizes=\"(max-width: 1329px) 100vw, 1329px\" \/><\/figure>\n<\/div>\n\n\n\n<div class=\"wp-block-column is-vertically-aligned-center is-layout-flow wp-block-column-is-layout-flow\" style=\"flex-basis:40%\">\n<h2 class=\"wp-block-heading\">Resumen<\/h2>\n\n\n\n<p class=\"has-text-align-justify\">La poblaci\u00f3n mundial est\u00e1 envejeciendo a un ritmo acelerado, lo cual aumenta la proporci\u00f3n de personas mayores y s\u00edndromes geri\u00e1tricos como por ejemplo, la fragilidad.<\/p>\n\n\n\n<p>La fragilidad es un estado de mayor vulnerabilidad en la vejez que aumenta el riesgo de ca\u00eddas, discapacidad, hospitalizaciones e incluso muerte. <\/p>\n\n\n\n<p>A trav\u00e9s de la investigaci\u00f3n y el trabajo comunitario, el CITES busca mejorar la calidad de vida y la autonom\u00eda de las personas mayores. Su enfoque incluye la comprensi\u00f3n de los mecanismos subyacentes a la fragilidad en la poblaci\u00f3n chilena, el desarrollo de intervenciones espec\u00edficas para el contexto local, la capacitaci\u00f3n de profesionales de la salud y la sensibilizaci\u00f3n sobre la fragilidad en la comunidad con el objetivo de identificar estrategias para prevenir y revertir la fragilidad.<\/p>\n<\/div>\n<\/div>\n<\/div>\n","protected":false},"excerpt":{"rendered":"<p>Resumen La poblaci\u00f3n mundial est\u00e1 envejeciendo a un ritmo acelerado, lo cual aumenta la proporci\u00f3n de personas mayores y s\u00edndromes geri\u00e1tricos como por ejemplo, la fragilidad. La fragilidad es un estado de mayor vulnerabilidad en la vejez que aumenta el riesgo de ca\u00eddas, discapacidad, hospitalizaciones e incluso muerte. A trav\u00e9s de la investigaci\u00f3n y el [&hellip;]<\/p>\n","protected":false},"author":1,"featured_media":0,"parent":0,"menu_order":0,"comment_status":"closed","ping_status":"closed","template":"","meta":{"ub_ctt_via":"","_monsterinsights_skip_tracking":false,"_monsterinsights_sitenote_active":false,"_monsterinsights_sitenote_note":"","_monsterinsights_sitenote_category":0,"footnotes":""},"class_list":["post-271","page","type-page","status-publish","hentry"],"featured_image_src":null,"_links":{"self":[{"href":"https:\/\/cites.utalca.cl\/index.php?rest_route=\/wp\/v2\/pages\/271","targetHints":{"allow":["GET"]}}],"collection":[{"href":"https:\/\/cites.utalca.cl\/index.php?rest_route=\/wp\/v2\/pages"}],"about":[{"href":"https:\/\/cites.utalca.cl\/index.php?rest_route=\/wp\/v2\/types\/page"}],"author":[{"embeddable":true,"href":"https:\/\/cites.utalca.cl\/index.php?rest_route=\/wp\/v2\/users\/1"}],"replies":[{"embeddable":true,"href":"https:\/\/cites.utalca.cl\/index.php?rest_route=%2Fwp%2Fv2%2Fcomments&post=271"}],"version-history":[{"count":17,"href":"https:\/\/cites.utalca.cl\/index.php?rest_route=\/wp\/v2\/pages\/271\/revisions"}],"predecessor-version":[{"id":610,"href":"https:\/\/cites.utalca.cl\/index.php?rest_route=\/wp\/v2\/pages\/271\/revisions\/610"}],"wp:attachment":[{"href":"https:\/\/cites.utalca.cl\/index.php?rest_route=%2Fwp%2Fv2%2Fmedia&parent=271"}],"curies":[{"name":"wp","href":"https:\/\/api.w.org\/{rel}","templated":true}]}}